{"id":40,"date":"2022-02-21T15:52:54","date_gmt":"2022-02-21T15:52:54","guid":{"rendered":"https:\/\/sandra-doemer.de\/?page_id=40"},"modified":"2022-02-28T16:34:06","modified_gmt":"2022-02-28T16:34:06","slug":"ueber-mich","status":"publish","type":"page","link":"https:\/\/sandra-doemer.de\/?page_id=40","title":{"rendered":"\u00dcber mich"},"content":{"rendered":"\n<figure class=\"wp-block-image size-large\"><img loading=\"lazy\" decoding=\"async\" width=\"1024\" height=\"683\" src=\"https:\/\/sandra-doemer.de\/wp-content\/uploads\/2022\/02\/Foto-ueber-michCE5E-1024x683.jpg\" alt=\"\" class=\"wp-image-162\" srcset=\"https:\/\/sandra-doemer.de\/wp-content\/uploads\/2022\/02\/Foto-ueber-michCE5E-1024x683.jpg 1024w, https:\/\/sandra-doemer.de\/wp-content\/uploads\/2022\/02\/Foto-ueber-michCE5E-300x200.jpg 300w, https:\/\/sandra-doemer.de\/wp-content\/uploads\/2022\/02\/Foto-ueber-michCE5E-768x512.jpg 768w, https:\/\/sandra-doemer.de\/wp-content\/uploads\/2022\/02\/Foto-ueber-michCE5E-1536x1024.jpg 1536w, https:\/\/sandra-doemer.de\/wp-content\/uploads\/2022\/02\/Foto-ueber-michCE5E-2048x1365.jpg 2048w\" sizes=\"auto, (max-width: 1024px) 100vw, 1024px\" \/><\/figure>\n\n\n\n<p><\/p>\n\n\n\n<p>\u00dcber die Anti-Atomkraft-Proteste im Wendland (L\u00fcchow-Dannenberg) bin ich 2009&nbsp;zur&nbsp;Gr\u00fcnen Jugend und zu B\u00fcndnis 90\/Die Gr\u00fcnen in Hamburg Altona gekommen. Entschlossen, manchmal unbequem, gewaltfrei und vor allem mit Leidenschaft f\u00fcr meine \u00dcberzeugungen einzutreten \u2013 das pr\u00e4gt mein politisches Handeln bis heute.<\/p>\n\n\n\n<p>Ich bin 1983 in M\u00fcnster geboren und in Nordwalde im Kreis Steinfurt aufgewachsen. Hier wohne ich inzwischen auch mit meiner kleinen Familie. Nachdem ich die H\u00e4lfte meines Lebens in St\u00e4dten wie D\u00fcsseldorf, M\u00fcnster und Hamburg verbracht habe, ist das Leben zur\u00fcck auf dem Land f\u00fcr mich vor allem eines: wundersch\u00f6n. Ich liebe es meinen Sohn hier aufwachsen zu sehen, mit ihm, meinem Mann und unserem Hund Ausfl\u00fcge in die Natur zu unternehmen und nah bei meiner Familie und meinen Freund:innen zu sein.&nbsp;<\/p>\n\n\n\n<h2 class=\"has-green-550-color has-text-color wp-block-heading\" style=\"font-size:clamp(17.905px, 1.119rem + ((1vw - 3.2px) * 1.147), 28px);\"><strong>Politik und Ehrenamt&nbsp;<\/strong><\/h2>\n\n\n\n<ul class=\"wp-block-list\"><li><strong>Kreistagsabgeordnete<\/strong>&nbsp;Fraktion B\u00fcndnis 90\/Die Gr\u00fcnen (seit 2020)&nbsp;<\/li><li><strong>Ausschussvorsitzende<\/strong>&nbsp;Kreisjugendhilfeausschuss (seit 2020)&nbsp;<\/li><li><strong>Beisitzerin im Vorstand<\/strong>&nbsp;B\u00fcndnis 90\/Die Gr\u00fcnen Ortsverband Nordwalde (seit 2020)&nbsp;<\/li><li><strong>Sprecherin<\/strong>&nbsp;B\u00fcndnis 90\/Die Gr\u00fcnen Ortsverband Greven (2017 \u2013 2019)&nbsp;<\/li><li><strong>Sachkundige B\u00fcrgerin<\/strong>&nbsp;B\u00fcndnis 90\/Die Gr\u00fcnen Fraktion im Rat der Stadt Greven (2016 \u2013 2019)&nbsp;<\/li><li><strong>Delegierte Bundes- und Landesdelegiertenkonferenzen<\/strong>&nbsp;B\u00fcndnis 90\/Die Gr\u00fcnen Kreisverband Steinfurt (seit 2016)&nbsp;<\/li><li>Mitglied B\u00fcndnis 90\/Die Gr\u00fcnen Kreis Steinfurt (seit 2015)<\/li><li>Mitglied B\u00fcndnis 90\/Die Gr\u00fcnen Hamburg Altona (2009 \u2013 2015)&nbsp;<\/li><li>Mitglied Gr\u00fcne Jugend Hamburg (2009 \u2013 2012)&nbsp;<\/li><li>Mitglied Naturschutzbund Deutschland e.V.<\/li><li>Mitglied Deutscher Kinderschutzbund Bundesverband e.V.<\/li><\/ul>\n\n\n\n<h2 class=\"has-green-550-color has-text-color wp-block-heading\" style=\"font-size:clamp(17.905px, 1.119rem + ((1vw - 3.2px) * 1.147), 28px);\"><strong>Beruf und Ausbildung&nbsp;<\/strong><\/h2>\n\n\n\n<ul class=\"wp-block-list\"><li>Referentin Organisationsentwicklung bei einem gro\u00dfen Kinder- und Jugendhilfetr\u00e4ger (seit 2020)&nbsp;<\/li><li>Leitung Kindertagesst\u00e4tte (2015 \u2013 2020)&nbsp;<\/li><li>Parallel Studium Sozialmanagement (M.A.), Schwerpunkt Organisationsentwicklung, FH M\u00fcnster (Abschluss 2020)<\/li><li>Leitung Bereich Heilp\u00e4dagogik bei einem heil- und sozialp\u00e4dagogischen Tr\u00e4ger (2013 \u2013 2015)<\/li><li>Heilp\u00e4dagogin in der Fr\u00fchf\u00f6rderung (2010 \u2013 2015)&nbsp;<\/li><li>Studium Heilp\u00e4dagogik (Diplom), Katholische Hochschule NW Abteilung M\u00fcnster (Abschluss 2009)<\/li><li>Abitur am Gymnasium Augustinianum Greven (2003)<\/li><\/ul>\n","protected":false},"excerpt":{"rendered":"<p>\u00dcber die Anti-Atomkraft-Proteste im Wendland (L\u00fcchow-Dannenberg) bin ich 2009&nbsp;zur&nbsp;Gr\u00fcnen Jugend und zu B\u00fcndnis 90\/Die Gr\u00fcnen in Hamburg Altona gekommen. Entschlossen, manchmal unbequem, gewaltfrei und vor allem mit Leidenschaft f\u00fcr meine [&hellip;]<\/p>\n","protected":false},"author":1,"featured_media":0,"parent":0,"menu_order":0,"comment_status":"closed","ping_status":"closed","template":"","meta":{"footnotes":""},"class_list":["post-40","page","type-page","status-publish","hentry"],"_links":{"self":[{"href":"https:\/\/sandra-doemer.de\/index.php?rest_route=\/wp\/v2\/pages\/40","targetHints":{"allow":["GET"]}}],"collection":[{"href":"https:\/\/sandra-doemer.de\/index.php?rest_route=\/wp\/v2\/pages"}],"about":[{"href":"https:\/\/sandra-doemer.de\/index.php?rest_route=\/wp\/v2\/types\/page"}],"author":[{"embeddable":true,"href":"https:\/\/sandra-doemer.de\/index.php?rest_route=\/wp\/v2\/users\/1"}],"replies":[{"embeddable":true,"href":"https:\/\/sandra-doemer.de\/index.php?rest_route=%2Fwp%2Fv2%2Fcomments&post=40"}],"version-history":[{"count":15,"href":"https:\/\/sandra-doemer.de\/index.php?rest_route=\/wp\/v2\/pages\/40\/revisions"}],"predecessor-version":[{"id":166,"href":"https:\/\/sandra-doemer.de\/index.php?rest_route=\/wp\/v2\/pages\/40\/revisions\/166"}],"wp:attachment":[{"href":"https:\/\/sandra-doemer.de\/index.php?rest_route=%2Fwp%2Fv2%2Fmedia&parent=40"}],"curies":[{"name":"wp","href":"https:\/\/api.w.org\/{rel}","templated":true}]}}