{"id":54,"date":"2022-02-21T17:51:57","date_gmt":"2022-02-21T17:51:57","guid":{"rendered":"https:\/\/sandra-doemer.de\/?page_id=54"},"modified":"2022-02-28T15:15:47","modified_gmt":"2022-02-28T15:15:47","slug":"beteiligung-fuer-echte-chancen-von-anfang-an","status":"publish","type":"page","link":"https:\/\/sandra-doemer.de\/?page_id=54","title":{"rendered":"Beteiligung"},"content":{"rendered":"\n<h2 class=\"has-green-550-color has-text-color wp-block-heading\">Beteiligung. <\/h2>\n\n\n\n<h2 class=\"has-green-550-color has-text-color wp-block-heading\">F\u00fcr echte Chancen. Von Anfang an.<\/h2>\n\n\n\n<p><\/p>\n\n\n\n<p>Ebenso wie Erwachsene haben Kinder und Jugendliche das Recht, \u00fcber ihre Zukunft mitzuentscheiden. Sie sind die Expertinnen und Experten in eigener Sache und f\u00fcr ihre Lebenswelt. Trotzdem werden sie viel zu oft bei politischen Entscheidungen, die sie betreffen, nicht einbezogen. Gerade in den letzten zwei Jahren ist durch die Corona-Pandemie mehr als deutlich geworden, dass vor allem \u00fcber, aber nicht mit Kindern und Jugendlichen entschieden wird.&nbsp;<\/p>\n\n\n\n<p>Mein erkl\u00e4rtes Ziel ist eine st\u00e4rkere, ernstgemeinte und qualit\u00e4tsvolle Beteiligung aller B\u00fcrger:innen und damit auch junger Menschen an politischen Entscheidungsprozessen kommunal sowie auf Landesebene: Kinder mit an die Macht!<\/p>\n\n\n\n<p>Kinder- und Jugendbeteiligung muss passend, attraktiv und den Interessen junger Menschen entsprechend gestaltet sein. Durch kommunale Jugendparlamente und Stadt- bzw. Kreisjugendringe gelingt dies in vielen St\u00e4dten und Gemeinden in Nordrhein-Westfalen immer mehr. Kinder und Jugendliche k\u00f6nnen an Entscheidungen mitwirken, die ihr direktes Lebensumfeld betreffen, ihre eigenen Anliegen und Ideen einbringen und so aktiv zur Gestaltung einer kinder-, jugend- und familienfreundlichen Umgebung beitragen.<\/p>\n\n\n\n<p>Kinder und Jugendliche wollen und sollen sich einmischen und mitbestimmen \u2013 deshalb setze ich mich daf\u00fcr ein, dass ihre Partizipationsm\u00f6glichkeiten fl\u00e4chendeckend und nachhaltig verankert und zu einem wirkungsvollen Bestandteil der politischen Entscheidungsprozesse in Nordrhein-Westfalen werden.<\/p>\n\n\n\n<p>Beteiligungsm\u00f6glichkeiten und Informationen zu politischen Strukturen, Aufgabenbereichen und damit verbundener Gestaltungsm\u00f6glichkeiten m\u00fcssen allen Kindern und Jugendlichen zug\u00e4nglich sein.&nbsp;Deshalb ist es mir wichtig, die kommunalen Jugendparlamente sowie Jugendringe besonders zu st\u00e4rken und bedarfsgerechte Strukturen zu schaffen, die der Ausgrenzung einzelner Kinder und Jugendlicher aktiv entgegenwirken und die Teilhabe aller erm\u00f6glichen.<\/p>\n\n\n\n<p>Mein Ziel ist neben der St\u00e4rkung der Beteiligungsrechte auf kommunaler Ebene ebenso die F\u00f6rderung auf Landesebene in Form des Jugendchecks f\u00fcr Gesetzesvorhaben, ein regelm\u00e4\u00dfiges Jugend-Monitoring und \u2013 ganz besonders \u2013 die Absenkung des Wahlalters auf mindestens 16 Jahre.&nbsp;<\/p>\n","protected":false},"excerpt":{"rendered":"<p>Beteiligung. F\u00fcr echte Chancen. Von Anfang an. Ebenso wie Erwachsene haben Kinder und Jugendliche das Recht, \u00fcber ihre Zukunft mitzuentscheiden. Sie sind die Expertinnen und Experten in eigener Sache und [&hellip;]<\/p>\n","protected":false},"author":1,"featured_media":0,"parent":0,"menu_order":0,"comment_status":"closed","ping_status":"closed","template":"","meta":{"footnotes":""},"class_list":["post-54","page","type-page","status-publish","hentry"],"_links":{"self":[{"href":"https:\/\/sandra-doemer.de\/index.php?rest_route=\/wp\/v2\/pages\/54","targetHints":{"allow":["GET"]}}],"collection":[{"href":"https:\/\/sandra-doemer.de\/index.php?rest_route=\/wp\/v2\/pages"}],"about":[{"href":"https:\/\/sandra-doemer.de\/index.php?rest_route=\/wp\/v2\/types\/page"}],"author":[{"embeddable":true,"href":"https:\/\/sandra-doemer.de\/index.php?rest_route=\/wp\/v2\/users\/1"}],"replies":[{"embeddable":true,"href":"https:\/\/sandra-doemer.de\/index.php?rest_route=%2Fwp%2Fv2%2Fcomments&post=54"}],"version-history":[{"count":11,"href":"https:\/\/sandra-doemer.de\/index.php?rest_route=\/wp\/v2\/pages\/54\/revisions"}],"predecessor-version":[{"id":119,"href":"https:\/\/sandra-doemer.de\/index.php?rest_route=\/wp\/v2\/pages\/54\/revisions\/119"}],"wp:attachment":[{"href":"https:\/\/sandra-doemer.de\/index.php?rest_route=%2Fwp%2Fv2%2Fmedia&parent=54"}],"curies":[{"name":"wp","href":"https:\/\/api.w.org\/{rel}","templated":true}]}}